{"id":35975,"date":"2024-12-12T14:58:36","date_gmt":"2024-12-12T17:58:36","guid":{"rendered":"https:\/\/ufrb.edu.br\/?post_type=curso-de-graduacao&amp;p=35975"},"modified":"2024-12-12T14:58:36","modified_gmt":"2024-12-12T17:58:36","slug":"agroecologia-2","status":"publish","type":"curso-de-graduacao","link":"https:\/\/ufrb.edu.br\/portal\/curso-de-graduacao\/agroecologia-2\/","title":{"rendered":"Agroecologia"},"content":{"rendered":"\n<p>A Tecn\u00f3loga ou o Tecn\u00f3logo em Agroecologia dever\u00e1 ser uma profissional ou um profissional com forma\u00e7\u00e3o ampla, t\u00e9cnico-cient\u00edfica, dotada ou dotado de vis\u00e3o cr\u00edtica e reflexiva. Dever\u00e1 ser capaz de reconhecer as especificidades regionais e locais relacionadas \u00e0 sua \u00e1rea de atua\u00e7\u00e3o, contextualiz\u00e1-las e correlacion\u00e1-las \u00e0 realidade nacional e global da produ\u00e7\u00e3o sustent\u00e1vel de alimentos. Sua atua\u00e7\u00e3o dever\u00e1 ser inovadora, fundamentada nos princ\u00edpios da ci\u00eancia agroecol\u00f3gica e orientada pela \u00e9tica profissional.<\/p>\n","protected":false},"featured_media":35976,"template":"","meta":{"_acf_changed":true},"class_list":["post-35975","curso-de-graduacao","type-curso-de-graduacao","status-publish","has-post-thumbnail","hentry"],"acf":[],"_links":{"self":[{"href":"https:\/\/ufrb.edu.br\/portal\/wp-json\/wp\/v2\/curso-de-graduacao\/35975","targetHints":{"allow":["GET"]}}],"collection":[{"href":"https:\/\/ufrb.edu.br\/portal\/wp-json\/wp\/v2\/curso-de-graduacao"}],"about":[{"href":"https:\/\/ufrb.edu.br\/portal\/wp-json\/wp\/v2\/types\/curso-de-graduacao"}],"wp:featuredmedia":[{"embeddable":true,"href":"https:\/\/ufrb.edu.br\/portal\/wp-json\/wp\/v2\/media\/35976"}],"wp:attachment":[{"href":"https:\/\/ufrb.edu.br\/portal\/wp-json\/wp\/v2\/media?parent=35975"}],"curies":[{"name":"wp","href":"https:\/\/api.w.org\/{rel}","templated":true}]}}

<p>A Tecnóloga ou o Tecnólogo em Agroecologia deverá ser uma profissional ou um profissional com formação ampla, técnico-científica, dotada ou dotado de visão crítica e reflexiva. Deverá ser capaz de reconhecer as especificidades regionais e locais relacionadas à sua área de atuação, contextualizá-las e correlacioná-las à realidade nacional e global da produção sustentável de alimentos. Sua atuação deverá ser inovadora, fundamentada nos princípios da ciência agroecológica e orientada pela ética profissional.</p>
