{"id":36819,"date":"2025-02-04T11:13:58","date_gmt":"2025-02-04T14:13:58","guid":{"rendered":"https:\/\/ufrb.edu.br\/?post_type=mestrado-e-doutorado&amp;p=36819"},"modified":"2025-02-04T11:13:58","modified_gmt":"2025-02-04T14:13:58","slug":"saude-da-populacao-negra-e-indigena","status":"publish","type":"mestrado-e-doutorado","link":"https:\/\/ufrb.edu.br\/portal\/mestrado-e-doutorado\/saude-da-populacao-negra-e-indigena\/","title":{"rendered":"Sa\u00fade da Popula\u00e7\u00e3o Negra e Ind\u00edgena"},"content":{"rendered":"","protected":false},"featured_media":36820,"template":"","meta":{"_acf_changed":true},"class_list":["post-36819","mestrado-e-doutorado","type-mestrado-e-doutorado","status-publish","has-post-thumbnail","hentry"],"acf":[],"_links":{"self":[{"href":"https:\/\/ufrb.edu.br\/portal\/wp-json\/wp\/v2\/mestrado-e-doutorado\/36819","targetHints":{"allow":["GET"]}}],"collection":[{"href":"https:\/\/ufrb.edu.br\/portal\/wp-json\/wp\/v2\/mestrado-e-doutorado"}],"about":[{"href":"https:\/\/ufrb.edu.br\/portal\/wp-json\/wp\/v2\/types\/mestrado-e-doutorado"}],"wp:featuredmedia":[{"embeddable":true,"href":"https:\/\/ufrb.edu.br\/portal\/wp-json\/wp\/v2\/media\/36820"}],"wp:attachment":[{"href":"https:\/\/ufrb.edu.br\/portal\/wp-json\/wp\/v2\/media?parent=36819"}],"curies":[{"name":"wp","href":"https:\/\/api.w.org\/{rel}","templated":true}]}}

Saúde da População Negra e Indígena
