{"id":20508,"date":"2013-10-21T18:04:35","date_gmt":"2013-10-21T18:04:35","guid":{"rendered":"https:\/\/ufrb.edu.br\/2013\/10\/21\/receitas-e-despesas\/"},"modified":"2013-10-21T18:04:35","modified_gmt":"2013-10-21T18:04:35","slug":"receitas-e-despesas","status":"publish","type":"page","link":"https:\/\/ufrb.edu.br\/portal\/receitas-e-despesas\/","title":{"rendered":"Receitas e Despesas"},"content":{"rendered":"\n<p>Nesta se\u00e7\u00e3o s\u00e3o divulgadas informa\u00e7\u00f5es sobre a execu\u00e7\u00e3o or\u00e7ament\u00e1ria e financeira detalhada da UFRB.<\/p>\n\n\n\n<p><strong>I &#8211; Quadro de Detalhamento de Programas, por unidade or\u00e7ament\u00e1ria, contendo:<\/strong><\/p>\n\n\n\n<p><strong>&#8211;&nbsp;<a href=\"https:\/\/portaldatransparencia.gov.br\/receitas\/consulta?paginacaoSimples=true&amp;tamanhoPagina=&amp;offset=&amp;direcaoOrdenacao=asc&amp;de=2025&amp;ate=2025&amp;orgaos=OR26351&amp;colunasSelecionadas=ano%2CorgaoSuperior%2Corgao%2CunidadeGestora%2Ccategoria%2Corigem%2Cespecie%2Cdetalhamento%2CvalorPrevistoAtualizado%2CvalorRealizado%2CpercentualRealizado%2CvalorLancado\">Receitas P\u00fablicas<\/a><\/strong><\/p>\n\n\n\n<p>Guia para acesso:<br>1. Acessar o Portal da Transpar\u00eancia:&nbsp;<a href=\"http:\/\/transparencia.gov.br\/\">http:\/\/transparencia.gov.br<\/a><br>2. No menu superior, localizar a op\u00e7\u00e3o \u201cConsultas Detalhadas\u201d -&gt; \u201cReceitas P\u00fablicas\u201d;<br>3. Utilizar a barra lateral esquerda de filtros para adicionar um filtro de \u00d3rg\u00e3o\/Entidade;<br>Recomendamos utilizar o c\u00f3digo de \u00d3rg\u00e3o Superior do SIAFI: 26351 &#8211; Universidade Federal do Rec\u00f4ncavo da Bahia;<br>4. Consultar os dados.<\/p>\n\n\n\n<p><strong>&#8211;&nbsp;<a href=\"https:\/\/portaldatransparencia.gov.br\/orcamento\/despesas?paginacaoSimples=true&amp;tamanhoPagina=&amp;offset=&amp;direcaoOrdenacao=asc&amp;orgaos=OR26351&amp;colunasSelecionadas=ano%2CorgaoSuperior%2CorgaoVinculado%2Cfuncao%2CsubFuncao%2Cprograma%2Cacao%2CcategoriaEconomica%2CgrupoDespesa%2CelementoDespesa%2CorcamentoInicial%2CorcamentoAtualizado%2CorcamentoRealizado%2CpercentualRealizado&amp;ordenarPor=ano&amp;direcao=desc\">Or\u00e7amento da despesa<\/a><\/strong><\/p>\n\n\n\n<p>Guia para acesso:<br>1. Acessar o Portal da Transpar\u00eancia:&nbsp;<a href=\"http:\/\/transparencia.gov.br\/\">http:\/\/transparencia.gov.br<\/a><br>2. No menu superior, localizar a op\u00e7\u00e3o \u201cConsultas Detalhadas\u201d -&gt; \u201cOr\u00e7amento da despesa\u201d;<br>3. Na tela seguinte, escolher a op\u00e7\u00e3o \u201cOr\u00e7amento da despesa\u201d;<br>4. Utilizar a barra lateral esquerda de filtros para adicionar um filtro de \u00d3rg\u00e3o\/Entidade.<br>Recomendamos utilizar o c\u00f3digo de \u00d3rg\u00e3o Superior do SIAFI: 26351 &#8211; Universidade Federal do Rec\u00f4ncavo da Bahia;<br>5. Consultar os dados.<\/p>\n\n\n\n<p><strong>II &#8211; Quadro de Execu\u00e7\u00e3o de Despesas, por unidade or\u00e7ament\u00e1ria, contendo:<\/strong><\/p>\n\n\n\n<p><strong>&#8211;&nbsp;<a href=\"https:\/\/portaldatransparencia.gov.br\/despesas\/consulta?paginacaoSimples=true&amp;tamanhoPagina=&amp;offset=&amp;direcaoOrdenacao=asc&amp;de=01%2F01%2F2025&amp;ate=31%2F12%2F2025&amp;orgaos=OR26351&amp;colunasSelecionadas=linkDetalhamento%2CmesAno%2CorgaoSuperior%2CorgaoVinculado%2CunidadeGestora%2Cfuncao%2CsubFuncao%2Cprograma%2Cacao%2CprogramaGoverno%2CgrupoDespesa%2CelementoDespesa%2CmodalidadeDespesa%2CvalorDespesaEmpenhada%2CvalorDespesaLiquidada%2CvalorDespesaPaga%2CvalorRestoPago\">Despesas P\u00fablicas<\/a><\/strong><\/p>\n\n\n\n<p>Guia para acesso:<br>1. Acessar o Portal da Transpar\u00eancia:&nbsp;<a href=\"http:\/\/transparencia.gov.br\/\">http:\/\/transparencia.gov.br<\/a>.<br>2. No menu superior, localizar a op\u00e7\u00e3o \u201cConsultas Detalhadas\u201d -&gt; \u201cDespesas P\u00fablicas\u201d;<br>3. Na tele seguinte, escolher a op\u00e7\u00e3o \u201cPela classifica\u00e7\u00e3o cont\u00e1bil da despesa\u201d;<br>4. Utilizar a barra lateral esquerda de filtros para adicionar um filtro de \u00d3rg\u00e3o\/Entidade\/UG\/UO.<br>Recomendamos utilizar o c\u00f3digo de \u00d3rg\u00e3o Superior do SIAFI: 26351 &#8211; Universidade Federal do Rec\u00f4ncavo da Bahia;<br>5. Consultar os dados:<\/p>\n\n\n\n<p><strong>&#8211;&nbsp;<a href=\"https:\/\/portaldatransparencia.gov.br\/viagens\/consulta?paginacaoSimples=true&amp;tamanhoPagina=&amp;offset=&amp;direcaoOrdenacao=asc&amp;de=01%2F01%2F2025&amp;ate=31%2F12%2F2025&amp;orgaos=OR26351&amp;colunasSelecionadas=id%2Cpcdp%2Csituacao%2CorgaoSuperior%2Corgao%2Ctipo%2Ccpf%2Cnome%2Cde%2Cate%2Cdestinos%2CvalorTotal\">Despesas com di\u00e1rias e passagens<\/a><\/strong><\/p>\n\n\n\n<p>Guia para acesso:<br>1. Acessar o Portal da Transpar\u00eancia:&nbsp;<a href=\"http:\/\/transparencia.gov.br\/\">http:\/\/transparencia.gov.br<\/a>.<br>2. No menu superior, localizar a op\u00e7\u00e3o \u201cConsultas Detalhadas\u201d -&gt; \u201cViagens a Servi\u00e7o\u201d:<br>3. Utilizar a barra lateral esquerda de filtros para adicionar um filtro de \u00d3rg\u00e3o\/Entidade.<br>Recomendamos utilizar o c\u00f3digo de \u00d3rg\u00e3o Superior do SIAFI: 26351 &#8211; Universidade Federal do Rec\u00f4ncavo da Bahia;<br>4. Consultar os dados:<\/p>\n\n\n\n<p>*Lembre-se de colocar o filtro de data, com o per\u00edodo de at\u00e9 12 meses.<\/p>\n\n\n\n<p>\u00daltima altera\u00e7\u00e3o 01\/09\/2025.<\/p>\n","protected":false},"excerpt":{"rendered":"<p>Nesta se\u00e7\u00e3o s\u00e3o divulgadas informa\u00e7\u00f5es sobre a execu\u00e7\u00e3o or\u00e7ament\u00e1ria e financeira detalhada da UFRB. I &#8211; Quadro de Detalhamento de Programas, por unidade or\u00e7ament\u00e1ria, contendo: &#8211;&nbsp;Receitas P\u00fablicas Guia para acesso:1. Acessar o Portal da Transpar\u00eancia:&nbsp;http:\/\/transparencia.gov.br2. No menu superior, localizar a op\u00e7\u00e3o \u201cConsultas Detalhadas\u201d -&gt; \u201cReceitas P\u00fablicas\u201d;3. Utilizar a barra lateral esquerda de filtros para adicionar [&hellip;]<\/p>\n","protected":false},"author":1,"featured_media":0,"parent":0,"menu_order":27,"comment_status":"closed","ping_status":"closed","template":"","meta":{"_acf_changed":false,"footnotes":""},"class_list":["post-20508","page","type-page","status-publish","hentry"],"acf":[],"_links":{"self":[{"href":"https:\/\/ufrb.edu.br\/portal\/wp-json\/wp\/v2\/pages\/20508","targetHints":{"allow":["GET"]}}],"collection":[{"href":"https:\/\/ufrb.edu.br\/portal\/wp-json\/wp\/v2\/pages"}],"about":[{"href":"https:\/\/ufrb.edu.br\/portal\/wp-json\/wp\/v2\/types\/page"}],"author":[{"embeddable":true,"href":"https:\/\/ufrb.edu.br\/portal\/wp-json\/wp\/v2\/users\/1"}],"replies":[{"embeddable":true,"href":"https:\/\/ufrb.edu.br\/portal\/wp-json\/wp\/v2\/comments?post=20508"}],"version-history":[{"count":0,"href":"https:\/\/ufrb.edu.br\/portal\/wp-json\/wp\/v2\/pages\/20508\/revisions"}],"wp:attachment":[{"href":"https:\/\/ufrb.edu.br\/portal\/wp-json\/wp\/v2\/media?parent=20508"}],"curies":[{"name":"wp","href":"https:\/\/api.w.org\/{rel}","templated":true}]}}