{"id":20509,"date":"2013-10-21T18:06:12","date_gmt":"2013-10-21T18:06:12","guid":{"rendered":"https:\/\/ufrb.edu.br\/2013\/10\/21\/licitacoes-e-contratos\/"},"modified":"2013-10-21T18:06:12","modified_gmt":"2013-10-21T18:06:12","slug":"licitacoes-e-contratos","status":"publish","type":"page","link":"https:\/\/ufrb.edu.br\/portal\/licitacoes-e-contratos\/","title":{"rendered":"Licita\u00e7\u00f5es"},"content":{"rendered":"<p>Esta se\u00e7\u00e3o re\u00fane informa\u00e7\u00f5es sobre os processos de licita\u00e7\u00e3o, atas de registro de pre\u00e7os firmados pela UFRB.<\/p>\n<p>A obrigatoriedade de licitar est\u00e1 fundamentada no art. 37, XXI, da Constitui\u00e7\u00e3o Federal para contrata\u00e7\u00e3o de obras, servi\u00e7os, compras e aliena\u00e7\u00f5es, ressalvados os casos especificados na legisla\u00e7\u00e3o.\u00a0 A Lei 14.133\/2021, no art. 2\u00ba, exige que se proceda em processo licitat\u00f3rio para: aliena\u00e7\u00e3o e concess\u00e3o de direito real de uso de bens; compra, inclusive por encomenda; loca\u00e7\u00e3o; concess\u00e3o e permiss\u00e3o de uso de bens p\u00fablicos; presta\u00e7\u00e3o de servi\u00e7os, inclusive os t\u00e9cnico-profissionais especializados; obras e servi\u00e7os de arquitetura e engenharia; contrata\u00e7\u00f5es de tecnologia da informa\u00e7\u00e3o e de comunica\u00e7\u00e3o.<\/p>\n<p><a href=\"https:\/\/portaldatransparencia.gov.br\/licitacoes\/consulta?paginacaoSimples=true&amp;tamanhoPagina=&amp;offset=&amp;direcaoOrdenacao=asc&amp;orgaos=UG158092&amp;colunasSelecionadas=detalhar%2CdataResultadoCompra%2CdataAbertura%2CorgaoSuperior%2CorgaoEntidadeVinculada%2CunidadeGestora%2Csituacao%2Cmodalidade%2CinstrumentoLegal%2CnumeroLicitacao%2Cobjeto&amp;ordenarPor=dataResultadoCompra&amp;direcao=desc\"><strong>Clique aqui<\/strong><\/a><strong>\u00a0para obter informa\u00e7\u00f5es sobre as LICITA\u00c7\u00d5ES da UFRB no Portal da Transpar\u00eancia ou siga os passos:<\/strong><\/p>\n<ol>\n<li>Acesse o <a href=\"https:\/\/portaldatransparencia.gov.br\/licitacoes\/consulta?paginacaoSimples=true&amp;tamanhoPagina=&amp;offset=&amp;direcaoOrdenacao=asc&amp;dataAberturaDe=01%2F01%2F2025&amp;dataAberturaAte=31%2F12%2F2025&amp;orgaos=UG158092&amp;colunasSelecionadas=detalhar%2CdataResultadoCompra%2CdataAbertura%2CorgaoSuperior%2CorgaoEntidadeVinculada%2CunidadeGestora%2Csituacao%2Cmodalidade%2CinstrumentoLegal%2CnumeroLicitacao%2Cobjeto\">Portal da transpar\u00eancia<\/a><\/li>\n<li>No menu superior, localizar \u201cConsultas Detalhadas\u201d &gt; \u201cLicita\u00e7\u00f5es\u201d;<\/li>\n<li>Na barra lateral esquerda, escolha os filtros que desejar, como: data de resultado da compra, data de abertura, situa\u00e7\u00e3o, modalidade, instrumento legal de contrata\u00e7\u00e3o e \u00f3rg\u00e3o.<\/li>\n<li>Para acessar os dados da UFRB, colocar, no filtro \u201c\u00f3rg\u00e3o\u201d, o nome Universidade Federal do Rec\u00f4ncavo da Bahia ou o c\u00f3digo 158092;<\/li>\n<li>Depois clique em\u00a0<strong>Consultar<\/strong>.<\/li>\n<\/ol>\n<h4>Licita\u00e7\u00f5es por Categoria<\/h4>\n<p><a href=\"https:\/\/www.ufrb.edu.br\/cimam\/licitacoes-de-obras-1\">Licita\u00e7\u00f5es de Obras<\/a><\/p>\n<p><a href=\"https:\/\/www.ufrb.edu.br\/clc\/\">Licita\u00e7\u00f5es de Materiais e Servi\u00e7os<\/a><\/p>\n","protected":false},"excerpt":{"rendered":"<p>Esta se\u00e7\u00e3o re\u00fane informa\u00e7\u00f5es sobre os processos de licita\u00e7\u00e3o, atas de registro de pre\u00e7os firmados pela UFRB. A obrigatoriedade de licitar est\u00e1 fundamentada no art. 37, XXI, da Constitui\u00e7\u00e3o Federal para contrata\u00e7\u00e3o de obras, servi\u00e7os, compras e aliena\u00e7\u00f5es, ressalvados os casos especificados na legisla\u00e7\u00e3o.\u00a0 A Lei 14.133\/2021, no art. 2\u00ba, exige que se proceda em [&hellip;]<\/p>\n","protected":false},"author":1,"featured_media":0,"parent":0,"menu_order":26,"comment_status":"closed","ping_status":"closed","template":"","meta":{"_acf_changed":false,"footnotes":""},"class_list":["post-20509","page","type-page","status-publish","hentry"],"acf":[],"_links":{"self":[{"href":"https:\/\/ufrb.edu.br\/portal\/wp-json\/wp\/v2\/pages\/20509","targetHints":{"allow":["GET"]}}],"collection":[{"href":"https:\/\/ufrb.edu.br\/portal\/wp-json\/wp\/v2\/pages"}],"about":[{"href":"https:\/\/ufrb.edu.br\/portal\/wp-json\/wp\/v2\/types\/page"}],"author":[{"embeddable":true,"href":"https:\/\/ufrb.edu.br\/portal\/wp-json\/wp\/v2\/users\/1"}],"replies":[{"embeddable":true,"href":"https:\/\/ufrb.edu.br\/portal\/wp-json\/wp\/v2\/comments?post=20509"}],"version-history":[{"count":0,"href":"https:\/\/ufrb.edu.br\/portal\/wp-json\/wp\/v2\/pages\/20509\/revisions"}],"wp:attachment":[{"href":"https:\/\/ufrb.edu.br\/portal\/wp-json\/wp\/v2\/media?parent=20509"}],"curies":[{"name":"wp","href":"https:\/\/api.w.org\/{rel}","templated":true}]}}