{"id":20528,"date":"2015-11-04T13:25:18","date_gmt":"2015-11-04T13:25:18","guid":{"rendered":"https:\/\/ufrb.edu.br\/2015\/11\/04\/sistema-de-bibliiotecas\/"},"modified":"2015-11-04T13:25:18","modified_gmt":"2015-11-04T13:25:18","slug":"sistema-de-bibliotecas","status":"publish","type":"page","link":"https:\/\/ufrb.edu.br\/portal\/sistema-de-bibliotecas\/","title":{"rendered":"Sistema de Bibliotecas"},"content":{"rendered":"\n<p>O Sistema de Bibliotecas (SIB\/UFRB) \u00e9 coordenado pela Biblioteca Central, respons\u00e1vel pelas pol\u00edticas para promover e disseminar o acesso \u00e0 informa\u00e7\u00e3o, al\u00e9m da padroniza\u00e7\u00e3o de procedimentos t\u00e9cnicos. O SIB\/UFRB \u00e9 composto pela Biblioteca Central e cinco bibliotecas setoriais que disponibilizam um rico acervo de documentos em variados suportes e oferecem servi\u00e7os de informa\u00e7\u00e3o e documenta\u00e7\u00e3o \u00e0 comunidade universit\u00e1ria.<\/p>\n\n\n\n<p>As bibliotecas est\u00e3o distribu\u00eddas entre os campi da UFRB:&nbsp;Amargosa (Centro de Forma\u00e7\u00e3o de Professores &#8211; CFP); Santo Ant\u00f4nio de Jesus (Centro de Ci\u00eancias da Sa\u00fade &#8211; CCS), Cachoeira (Centro de Artes, Humanidades e Letras &#8211; CAHL), Santo Amaro (Centro de Cultura, Linguagens e Tecnologias Aplicadas &#8211; CECULT) e Feira de Santana (Centro de Ci\u00eancia e Tecnologia em Energia e Sustentabilidade &#8211; CETENS), bem como da Biblioteca Central localizada na sede da UFRB, na cidade de Cruz das Almas, que atende ao Centro de Ci\u00eancias Agr\u00e1rias Ambientais e Biol\u00f3gicas &#8211; CCAAB e ao Centro de Ci\u00eancias Exatas e Tecnol\u00f3gicas &#8211; CETEC.<\/p>\n\n\n\n<p><strong>Biblioteca Central da UFRB (CCAAB\/CETEC)<\/strong><\/p>\n\n\n\n<p>Site: <a href=\"https:\/\/www.ufrb.edu.br\/biblioteca\/\">ufrb.edu.br\/biblioteca<\/a><br>E-mail: <a href=\"mailto:nuciref.cobic@proplan.ufrb.edu.br\">nuciref.cobic@proplan.ufrb.edu.br<\/a><\/p>\n\n\n\n<p><strong>Reposit\u00f3rio Institucional<\/strong><br>Site: <a href=\"https:\/\/ri.ufrb.edu.br\/\">ri.ufrb.edu.br\/<\/a><br>E-mail: <a href=\"mailto:repositorio@ufrb.edu.br\">repositorio@ufrb.edu.br<\/a><\/p>\n\n\n\n<p><strong>Setoriais<\/strong><\/p>\n\n\n\n<p><strong>Biblioteca Universit\u00e1ria de Amargosa (CFP)<\/strong><br>Site: <a href=\"https:\/\/ufrb.edu.br\/bibliotecacfp\/\">ufrb.edu.br\/bibliotecacfp<\/a><br>E-mail: <a href=\"mailto:biblioteca@cfp.ufrb.edu.br\">biblioteca@cfp.ufrb.edu.br<\/a><\/p>\n\n\n\n<p><strong>Biblioteca Universit\u00e1ria de Cachoeira (CAHL)<\/strong><br>Site: <a href=\"https:\/\/www.ufrb.edu.br\/bibliotecacahl\/\">ufrb.edu.br\/bibliotecacahl<\/a><br>E-mail: <a href=\"mailto:biblioteca@cahl.ufrb.edu.br\">biblioteca@cahl.ufrb.edu.br<\/a><\/p>\n\n\n\n<p><strong>Biblioteca Universit\u00e1ria de Feira de Santana (CETENS)<\/strong><br>Site: <a href=\"https:\/\/ufrb.edu.br\/bibliotecacetens\/\">ufrb.edu.br\/bibliotecacetens<\/a><br>E-mail: <a href=\"mailto:biblioteca@cetens.ufrb.edu.br\">biblioteca@cetens.ufrb.edu.br<\/a><\/p>\n\n\n\n<p><strong>Biblioteca Universit\u00e1ria de Santo Amaro (CECULT)<\/strong><br>Site: <a href=\"https:\/\/ufrb.edu.br\/bibliotecacecult\/\">ufrb.edu.br\/bibliotecacecult<\/a><br>E-mail: <a href=\"mailto:biblioteca@cecult.ufrb.edu.br\">biblioteca@cecult.ufrb.edu.br<\/a><\/p>\n\n\n\n<p><strong>Biblioteca Universit\u00e1ria de Santo Ant\u00f4nio de Jesus (CCS)<\/strong><br>Site: <a href=\"https:\/\/www.ufrb.edu.br\/bibliotecaccs\/\">ufrb.edu.br\/bibliotecaccs<\/a><br>E-mail: <a href=\"mailto:biblioteca@ccs.ufrb.edu.br\">biblioteca@ccs.ufrb.edu.br<\/a><\/p>\n\n\n\n<p><\/p>\n","protected":false},"excerpt":{"rendered":"<p>O Sistema de Bibliotecas (SIB\/UFRB) \u00e9 coordenado pela Biblioteca Central, respons\u00e1vel pelas pol\u00edticas para promover e disseminar o acesso \u00e0 informa\u00e7\u00e3o, al\u00e9m da padroniza\u00e7\u00e3o de procedimentos t\u00e9cnicos. O SIB\/UFRB \u00e9 composto pela Biblioteca Central e cinco bibliotecas setoriais que disponibilizam um rico acervo de documentos em variados suportes e oferecem servi\u00e7os de informa\u00e7\u00e3o e documenta\u00e7\u00e3o [&hellip;]<\/p>\n","protected":false},"author":1,"featured_media":38069,"parent":0,"menu_order":73,"comment_status":"closed","ping_status":"closed","template":"","meta":{"_acf_changed":false,"footnotes":""},"class_list":["post-20528","page","type-page","status-publish","has-post-thumbnail","hentry"],"acf":[],"_links":{"self":[{"href":"https:\/\/ufrb.edu.br\/portal\/wp-json\/wp\/v2\/pages\/20528","targetHints":{"allow":["GET"]}}],"collection":[{"href":"https:\/\/ufrb.edu.br\/portal\/wp-json\/wp\/v2\/pages"}],"about":[{"href":"https:\/\/ufrb.edu.br\/portal\/wp-json\/wp\/v2\/types\/page"}],"author":[{"embeddable":true,"href":"https:\/\/ufrb.edu.br\/portal\/wp-json\/wp\/v2\/users\/1"}],"replies":[{"embeddable":true,"href":"https:\/\/ufrb.edu.br\/portal\/wp-json\/wp\/v2\/comments?post=20528"}],"version-history":[{"count":0,"href":"https:\/\/ufrb.edu.br\/portal\/wp-json\/wp\/v2\/pages\/20528\/revisions"}],"wp:featuredmedia":[{"embeddable":true,"href":"https:\/\/ufrb.edu.br\/portal\/wp-json\/wp\/v2\/media\/38069"}],"wp:attachment":[{"href":"https:\/\/ufrb.edu.br\/portal\/wp-json\/wp\/v2\/media?parent=20528"}],"curies":[{"name":"wp","href":"https:\/\/api.w.org\/{rel}","templated":true}]}}