{"id":20545,"date":"2015-11-04T18:02:18","date_gmt":"2015-11-04T18:02:18","guid":{"rendered":"https:\/\/ufrb.edu.br\/2015\/11\/04\/conselhos\/"},"modified":"2015-11-04T18:02:18","modified_gmt":"2015-11-04T18:02:18","slug":"conselhos","status":"publish","type":"page","link":"https:\/\/ufrb.edu.br\/portal\/conselhos\/","title":{"rendered":"Conselhos"},"content":{"rendered":"\n<p><strong>CONAC &#8211; Conselho Acad\u00eamico<\/strong>&nbsp;<\/p>\n\n\n\n<p>O Conselho Acad\u00eamico \u00e9 o \u00f3rg\u00e3o consultivo e deliberativo que define a organiza\u00e7\u00e3o e o funcionamento da \u00e1rea acad\u00eamica nos aspectos t\u00e9cnicos, did\u00e1ticos e cient\u00edficos, com fun\u00e7\u00f5es indissoci\u00e1veis nas \u00e1reas de ensino, pesquisa e extens\u00e3o, em conjunto com os \u00f3rg\u00e3os da Administra\u00e7\u00e3o Superior Setorial da Universidade.<\/p>\n\n\n\n<p>Acesse o <a href=\"http:\/\/www.ufrb.edu.br\/soc\">site do CONAC<\/a>.<a href=\"http:\/\/www.ufrb.edu.br\/soc\"><br><\/a><br><strong>CONSUNI &#8211; Conselho Universit\u00e1rio<\/strong>\u00a0<\/p>\n\n\n\n<p>O Conselho Universit\u00e1rio \u00e9 a inst\u00e2ncia m\u00e1xima da UFRB como \u00f3rg\u00e3o doutrin\u00e1rio, consultivo, normativo e deliberativo, com composi\u00e7\u00e3o e compet\u00eancias definidas nos artigos 21 e 23 do Estatuto da Universidade.<\/p>\n\n\n\n<p>Acesse o <a href=\"http:\/\/www.ufrb.edu.br\/soc\">site do CONSUNI<\/a>.<\/p>\n\n\n\n<p><strong>CONCUR &#8211; Conselho de Curadores<\/strong><\/p>\n\n\n\n<p>O Conselho de Curadores \u00e9 o \u00f3rg\u00e3o de fiscaliza\u00e7\u00e3o econ\u00f4mico-financeira da Universidade, com atribui\u00e7\u00f5es definidas no artigo 28 do Estatuto da Universidade.<\/p>\n\n\n\n<p>Acesse o <a href=\"http:\/\/www.ufrb.edu.br\/soc\">site do CONCUR<\/a>.<\/p>\n","protected":false},"excerpt":{"rendered":"<p>CONAC &#8211; Conselho Acad\u00eamico&nbsp; O Conselho Acad\u00eamico \u00e9 o \u00f3rg\u00e3o consultivo e deliberativo que define a organiza\u00e7\u00e3o e o funcionamento da \u00e1rea acad\u00eamica nos aspectos t\u00e9cnicos, did\u00e1ticos e cient\u00edficos, com fun\u00e7\u00f5es indissoci\u00e1veis nas \u00e1reas de ensino, pesquisa e extens\u00e3o, em conjunto com os \u00f3rg\u00e3os da Administra\u00e7\u00e3o Superior Setorial da Universidade. Acesse o site do CONAC.CONSUNI [&hellip;]<\/p>\n","protected":false},"author":1,"featured_media":0,"parent":0,"menu_order":19,"comment_status":"closed","ping_status":"closed","template":"","meta":{"_acf_changed":false,"footnotes":""},"class_list":["post-20545","page","type-page","status-publish","hentry"],"acf":[],"_links":{"self":[{"href":"https:\/\/ufrb.edu.br\/portal\/wp-json\/wp\/v2\/pages\/20545","targetHints":{"allow":["GET"]}}],"collection":[{"href":"https:\/\/ufrb.edu.br\/portal\/wp-json\/wp\/v2\/pages"}],"about":[{"href":"https:\/\/ufrb.edu.br\/portal\/wp-json\/wp\/v2\/types\/page"}],"author":[{"embeddable":true,"href":"https:\/\/ufrb.edu.br\/portal\/wp-json\/wp\/v2\/users\/1"}],"replies":[{"embeddable":true,"href":"https:\/\/ufrb.edu.br\/portal\/wp-json\/wp\/v2\/comments?post=20545"}],"version-history":[{"count":0,"href":"https:\/\/ufrb.edu.br\/portal\/wp-json\/wp\/v2\/pages\/20545\/revisions"}],"wp:attachment":[{"href":"https:\/\/ufrb.edu.br\/portal\/wp-json\/wp\/v2\/media?parent=20545"}],"curies":[{"name":"wp","href":"https:\/\/api.w.org\/{rel}","templated":true}]}}