{"id":20565,"date":"2015-11-26T12:36:10","date_gmt":"2015-11-26T12:36:10","guid":{"rendered":"https:\/\/ufrb.edu.br\/2015\/11\/26\/apresentacao\/"},"modified":"2025-12-01T11:22:26","modified_gmt":"2025-12-01T14:22:26","slug":"apresentacao","status":"publish","type":"page","link":"https:\/\/ufrb.edu.br\/portal\/apresentacao\/","title":{"rendered":"Apresenta\u00e7\u00e3o"},"content":{"rendered":"\n<div class=\"wp-block-columns is-layout-flex wp-container-core-columns-is-layout-9d6595d7 wp-block-columns-is-layout-flex\">\n<div class=\"wp-block-column is-layout-flow wp-block-column-is-layout-flow\">\n<figure class=\"wp-block-image size-large\"><img loading=\"lazy\" decoding=\"async\" width=\"1024\" height=\"538\" src=\"https:\/\/ufrb.edu.br\/portal\/wp-content\/uploads\/sites\/5\/2025\/11\/campuscruz-1024x538.png\" alt=\"\" class=\"wp-image-44596\" srcset=\"https:\/\/ufrb.edu.br\/portal\/wp-content\/uploads\/sites\/5\/2025\/11\/campuscruz-1024x538.png 1024w, https:\/\/ufrb.edu.br\/portal\/wp-content\/uploads\/sites\/5\/2025\/11\/campuscruz-300x158.png 300w, https:\/\/ufrb.edu.br\/portal\/wp-content\/uploads\/sites\/5\/2025\/11\/campuscruz-768x403.png 768w, https:\/\/ufrb.edu.br\/portal\/wp-content\/uploads\/sites\/5\/2025\/11\/campuscruz.png 1200w\" sizes=\"auto, (max-width: 1024px) 100vw, 1024px\" \/><figcaption class=\"wp-element-caption\">Vista a\u00e9rea do Campus Cruz das Almas.<\/figcaption><\/figure>\n<\/div>\n<\/div>\n\n\n\n<p>A Universidade Federal do Rec\u00f4ncavo da Bahia (UFRB) nasce em uma regi\u00e3o marcada por uma rica hist\u00f3ria de encontros, diversidades e trocas culturais. Fruto das mobiliza\u00e7\u00f5es pela democratiza\u00e7\u00e3o do ensino superior na Bahia, a UFRB herda as tradi\u00e7\u00f5es de luta do povo e se compromete com a produ\u00e7\u00e3o e difus\u00e3o da ci\u00eancia e da cultura, al\u00e9m do desenvolvimento socioecon\u00f4mico nos territ\u00f3rios do Rec\u00f4ncavo Baiano, Portal do Sert\u00e3o e Vale do Jiquiri\u00e7\u00e1.<\/p>\n\n\n\n<p>Fundada em 2005, a UFRB est\u00e1 presente nas cidades de Amargosa, Cachoeira, Cruz das Almas, Feira de Santana, Santo Amaro, Santo Ant\u00f4nio de Jesus e S\u00e3o F\u00e9lix, al\u00e9m de contar com mais de 20 polos de educa\u00e7\u00e3o a dist\u00e2ncia (EaD) em toda a Bahia. Localizada em regi\u00f5es de grande significado hist\u00f3rico para o Brasil, a UFRB \u00e9 uma express\u00e3o de transforma\u00e7\u00e3o social e populariza\u00e7\u00e3o do conhecimento no interior da Bahia.<\/p>\n\n\n\n<h2 class=\"wp-block-heading\">Miss\u00e3o<\/h2>\n\n\n\n<p>Formar cidad\u00e3os criativos, empreendedores e inovadores, contribuindo para o desenvolvimento social, tecnol\u00f3gico e sustent\u00e1vel, promovendo a inclus\u00e3o e valorizando as culturas locais.<\/p>\n\n\n\n<h2 class=\"wp-block-heading\">Vis\u00e3o<\/h2>\n\n\n\n<p>Ser reconhecida como institui\u00e7\u00e3o de excel\u00eancia e referenciada pela gera\u00e7\u00e3o e difus\u00e3o do conhecimento.<\/p>\n\n\n\n<h2 class=\"wp-block-heading\">Valores<\/h2>\n\n\n\n<p>Excel\u00eancia acad\u00eamica, inclus\u00e3o social, desenvolvimento regional e internacionaliza\u00e7\u00e3o.<\/p>\n\n\n\n<div class=\"containerbuttoninterno\">\n<a href=\"\/portal\/linha-do-tempo\" class=\"button button-interno\">Linha do Tempo<\/a>\n<a href=\"\/portal\/wp-content\/uploads\/sites\/5\/2024\/12\/projeto-ufrb.pdf\" class=\"button button-interno\">Projeto de Cria\u00e7\u00e3o (PDF)<\/a>\n<a href=\"\/portal\/galeria-de-reitores-e-reitoras\" class=\"button button-interno\">Galeria de Reitores e Reitoras<\/a>\n<a href=\"\/portal\/doutores-honoris-causa\" class=\"button button-interno\">Galeria de Doutores e Doutoras Honoris Causa<\/a>\n<\/div>\n\n\n\n<h2 class=\"wp-block-heading\">V\u00eddeo Institucional<\/h2>\n\n\n\n<p class=\"video-container\"><iframe loading=\"lazy\" width=\"560\" height=\"315\" src=\"https:\/\/www.youtube.com\/embed\/Rn6Lttgv2Lk?si=b07WcpU4jLvkyJjg\" title=\"YouTube video player\" frameborder=\"0\" allow=\"accelerometer; autoplay; clipboard-write; encrypted-media; gyroscope; picture-in-picture; web-share\" referrerpolicy=\"strict-origin-when-cross-origin\" allowfullscreen><\/iframe><\/p>\n\n\n","protected":false},"excerpt":{"rendered":"<p>A Universidade Federal do Rec\u00f4ncavo da Bahia (UFRB) nasce em uma regi\u00e3o marcada por uma rica hist\u00f3ria de encontros, diversidades e trocas culturais. Fruto das mobiliza\u00e7\u00f5es pela democratiza\u00e7\u00e3o do ensino superior na Bahia, a UFRB herda as tradi\u00e7\u00f5es de luta do povo e se compromete com a produ\u00e7\u00e3o e difus\u00e3o da ci\u00eancia e da cultura, [&hellip;]<\/p>\n","protected":false},"author":1,"featured_media":0,"parent":0,"menu_order":32,"comment_status":"closed","ping_status":"closed","template":"","meta":{"_acf_changed":false,"footnotes":""},"class_list":["post-20565","page","type-page","status-publish","hentry"],"acf":[],"_links":{"self":[{"href":"https:\/\/ufrb.edu.br\/portal\/wp-json\/wp\/v2\/pages\/20565","targetHints":{"allow":["GET"]}}],"collection":[{"href":"https:\/\/ufrb.edu.br\/portal\/wp-json\/wp\/v2\/pages"}],"about":[{"href":"https:\/\/ufrb.edu.br\/portal\/wp-json\/wp\/v2\/types\/page"}],"author":[{"embeddable":true,"href":"https:\/\/ufrb.edu.br\/portal\/wp-json\/wp\/v2\/users\/1"}],"replies":[{"embeddable":true,"href":"https:\/\/ufrb.edu.br\/portal\/wp-json\/wp\/v2\/comments?post=20565"}],"version-history":[{"count":7,"href":"https:\/\/ufrb.edu.br\/portal\/wp-json\/wp\/v2\/pages\/20565\/revisions"}],"predecessor-version":[{"id":44960,"href":"https:\/\/ufrb.edu.br\/portal\/wp-json\/wp\/v2\/pages\/20565\/revisions\/44960"}],"wp:attachment":[{"href":"https:\/\/ufrb.edu.br\/portal\/wp-json\/wp\/v2\/media?parent=20565"}],"curies":[{"name":"wp","href":"https:\/\/api.w.org\/{rel}","templated":true}]}}

Apresentação

<div class="wp-block-columns is-layout-flex wp-container-core-columns-is-layout-9d6595d7 wp-block-columns-is-layout-flex">
<div class="wp-block-column is-layout-flow wp-block-column-is-layout-flow">
<figure class="wp-block-image size-large"><img loading="lazy" decoding="async" width="1024" height="538" src="https://ufrb.edu.br/portal/wp-content/uploads/sites/5/2025/11/campuscruz-1024x538.png" alt="" class="wp-image-44596" srcset="https://ufrb.edu.br/portal/wp-content/uploads/sites/5/2025/11/campuscruz-1024x538.png 1024w, https://ufrb.edu.br/portal/wp-content/uploads/sites/5/2025/11/campuscruz-300x158.png 300w, https://ufrb.edu.br/portal/wp-content/uploads/sites/5/2025/11/campuscruz-768x403.png 768w, https://ufrb.edu.br/portal/wp-content/uploads/sites/5/2025/11/campuscruz.png 1200w" sizes="auto, (max-width: 1024px) 100vw, 1024px" /><figcaption class="wp-element-caption">Vista aérea do Campus Cruz das Almas.</figcaption></figure>
</div>
</div>



<p>A Universidade Federal do Recôncavo da Bahia (UFRB) nasce em uma região marcada por uma rica história de encontros, diversidades e trocas culturais. Fruto das mobilizações pela democratização do ensino superior na Bahia, a UFRB herda as tradições de luta do povo e se compromete com a produção e difusão da ciência e da cultura, além do desenvolvimento socioeconômico nos territórios do Recôncavo Baiano, Portal do Sertão e Vale do Jiquiriçá.</p>



<p>Fundada em 2005, a UFRB está presente nas cidades de Amargosa, Cachoeira, Cruz das Almas, Feira de Santana, Santo Amaro, Santo Antônio de Jesus e São Félix, além de contar com mais de 20 polos de educação a distância (EaD) em toda a Bahia. Localizada em regiões de grande significado histórico para o Brasil, a UFRB é uma expressão de transformação social e popularização do conhecimento no interior da Bahia.</p>



<h2 class="wp-block-heading">Missão</h2>



<p>Formar cidadãos criativos, empreendedores e inovadores, contribuindo para o desenvolvimento social, tecnológico e sustentável, promovendo a inclusão e valorizando as culturas locais.</p>



<h2 class="wp-block-heading">Visão</h2>



<p>Ser reconhecida como instituição de excelência e referenciada pela geração e difusão do conhecimento.</p>



<h2 class="wp-block-heading">Valores</h2>



<p>Excelência acadêmica, inclusão social, desenvolvimento regional e internacionalização.</p>



<div class="containerbuttoninterno">
<a href="/portal/linha-do-tempo" class="button button-interno">Linha do Tempo</a>
<a href="/portal/wp-content/uploads/sites/5/2024/12/projeto-ufrb.pdf" class="button button-interno">Projeto de Criação (PDF)</a>
<a href="/portal/galeria-de-reitores-e-reitoras" class="button button-interno">Galeria de Reitores e Reitoras</a>
<a href="/portal/doutores-honoris-causa" class="button button-interno">Galeria de Doutores e Doutoras Honoris Causa</a>
</div>



<h2 class="wp-block-heading">Vídeo Institucional</h2>



<p class="video-container"><iframe loading="lazy" width="560" height="315" src="https://www.youtube.com/embed/Rn6Lttgv2Lk?si=b07WcpU4jLvkyJjg" title="YouTube video player" frameborder="0" allow="accelerometer; autoplay; clipboard-write; encrypted-media; gyroscope; picture-in-picture; web-share" referrerpolicy="strict-origin-when-cross-origin" allowfullscreen></iframe></p>

<p>A Universidade Federal do Recôncavo da Bahia (UFRB) nasce em uma região marcada por uma rica história de encontros, diversidades e trocas culturais. Fruto das mobilizações pela democratização do ensino superior na Bahia, a UFRB herda as tradições de luta do povo e se compromete com a produção e difusão da ciência e da cultura, [&hellip;]</p>
