{"id":29658,"date":"2020-12-28T12:51:54","date_gmt":"2020-12-28T12:51:54","guid":{"rendered":"https:\/\/ufrb.edu.br\/2020\/12\/28\/ufrb-em-numeros\/"},"modified":"2025-11-05T14:53:21","modified_gmt":"2025-11-05T17:53:21","slug":"ufrb-em-numeros","status":"publish","type":"page","link":"https:\/\/ufrb.edu.br\/portal\/ufrb-em-numeros\/","title":{"rendered":"UFRB em N\u00fameros"},"content":{"rendered":"\n<p>Os Relat\u00f3rios do UFRB em N\u00fameros podem ser acessados atrav\u00e9s do link\u00a0<a href=\"https:\/\/www.ufrb.edu.br\/proplan\/numeros\">ufrb.edu.br\/proplan\/numeros<\/a>.<\/p>\n\n\n\n<p>Ao clicar neste link o usu\u00e1rio ter\u00e1 dispon\u00edvel os seguintes relat\u00f3rios: Infraestrutura da UFRB, Gest\u00e3o Administrativa, Biblioteca, Pesquisa, Gradua\u00e7\u00e3o,&nbsp; P\u00f3s-Gradua\u00e7\u00e3o, Extens\u00e3o e Gest\u00e3o de Pessoas. Os dados s\u00e3o apresentados em pain\u00e9is de Business Intelligence (BI) e s\u00e3o atualizados anualmente na p\u00e1gina da Pr\u00f3-Reitoria de Planejamento (PROPLAN).<\/p>\n\n\n\n<p><strong>Unidade Respons\u00e1vel pela atualiza\u00e7\u00e3o:<\/strong>&nbsp; Coordenadoria de Or\u00e7amento e Desenvolvimento Institucional \u2013 CODIN\/PROPLAN.<br><strong>Contato com a Unidade Respons\u00e1vel:<\/strong>&nbsp;<a href=\"mailto:codin@proplan.ufrb.edu.br\">codin@proplan.ufrb.edu.br<\/a><br><strong>Data da \u00faltima atualiza\u00e7\u00e3o:<\/strong>&nbsp;19\/01\/2023<br><strong>Fonte da informa\u00e7\u00e3o:&nbsp;<\/strong>Pr\u00f3-Reitoria de Planejamento (PROPLAN).<\/p>\n","protected":false},"excerpt":{"rendered":"<p>Os Relat\u00f3rios do UFRB em N\u00fameros podem ser acessados atrav\u00e9s do link\u00a0ufrb.edu.br\/proplan\/numeros. Ao clicar neste link o usu\u00e1rio ter\u00e1 dispon\u00edvel os seguintes relat\u00f3rios: Infraestrutura da UFRB, Gest\u00e3o Administrativa, Biblioteca, Pesquisa, Gradua\u00e7\u00e3o,&nbsp; P\u00f3s-Gradua\u00e7\u00e3o, Extens\u00e3o e Gest\u00e3o de Pessoas. Os dados s\u00e3o apresentados em pain\u00e9is de Business Intelligence (BI) e s\u00e3o atualizados anualmente na p\u00e1gina da Pr\u00f3-Reitoria [&hellip;]<\/p>\n","protected":false},"author":1,"featured_media":0,"parent":0,"menu_order":4,"comment_status":"closed","ping_status":"closed","template":"","meta":{"_acf_changed":false,"footnotes":""},"class_list":["post-29658","page","type-page","status-publish","hentry"],"acf":[],"_links":{"self":[{"href":"https:\/\/ufrb.edu.br\/portal\/wp-json\/wp\/v2\/pages\/29658","targetHints":{"allow":["GET"]}}],"collection":[{"href":"https:\/\/ufrb.edu.br\/portal\/wp-json\/wp\/v2\/pages"}],"about":[{"href":"https:\/\/ufrb.edu.br\/portal\/wp-json\/wp\/v2\/types\/page"}],"author":[{"embeddable":true,"href":"https:\/\/ufrb.edu.br\/portal\/wp-json\/wp\/v2\/users\/1"}],"replies":[{"embeddable":true,"href":"https:\/\/ufrb.edu.br\/portal\/wp-json\/wp\/v2\/comments?post=29658"}],"version-history":[{"count":1,"href":"https:\/\/ufrb.edu.br\/portal\/wp-json\/wp\/v2\/pages\/29658\/revisions"}],"predecessor-version":[{"id":44389,"href":"https:\/\/ufrb.edu.br\/portal\/wp-json\/wp\/v2\/pages\/29658\/revisions\/44389"}],"wp:attachment":[{"href":"https:\/\/ufrb.edu.br\/portal\/wp-json\/wp\/v2\/media?parent=29658"}],"curies":[{"name":"wp","href":"https:\/\/api.w.org\/{rel}","templated":true}]}}