{"id":29659,"date":"2020-12-28T12:52:38","date_gmt":"2020-12-28T12:52:38","guid":{"rendered":"https:\/\/ufrb.edu.br\/2020\/12\/28\/indicadores-do-tcu\/"},"modified":"2020-12-28T12:52:38","modified_gmt":"2020-12-28T12:52:38","slug":"indicadores-do-tcu","status":"publish","type":"page","link":"https:\/\/ufrb.edu.br\/portal\/indicadores-do-tcu\/","title":{"rendered":"Indicadores do TCU"},"content":{"rendered":"<p>Nesta se\u00e7\u00e3o s\u00e3o divulgados os Indicadores de Gest\u00e3o e Desempenho da UFRB, tamb\u00e9m denominados &#8220;Indicadores do TCU&#8221;.<\/p>\n<p>Os Indicadores do TCU da UFRB poder\u00e3o ser acessados por meio do link:&nbsp;<a href=\"https:\/\/www.ufrb.edu.br\/proplan\/indicadores\">https:\/\/www.ufrb.edu.br\/proplan\/indicadores<\/a><\/p>\n<p>&nbsp;<\/p>\n<p><strong>Unidade Respons\u00e1vel pela atualiza\u00e7\u00e3o:<\/strong>&nbsp; Coordenadoria de Or\u00e7amento e Desenvolvimento Institucional \u2013 CODIN\/PROPLAN<br \/> <strong>Contato com a Unidade Respons\u00e1vel:<\/strong>&nbsp;<a href=\"mailto:codin@proplan.ufrb.edu.br\">codin@proplan.ufrb.edu.br<\/a><br \/><strong>Data da \u00faltima atualiza\u00e7\u00e3o:<\/strong>&nbsp;19\/01\/2023<br \/> <strong>Fonte da informa\u00e7\u00e3o:<\/strong>&nbsp;Gabinete da Reitoria, Pr\u00f3-Reitoria de Planejamento (PROPLAN)<\/p>\n<p><strong>&nbsp;<\/strong><\/p>\n<h6>\n<p>&nbsp;<\/h6>\n<h6>&nbsp;<\/h6>\n","protected":false},"excerpt":{"rendered":"<p>Nesta se\u00e7\u00e3o s\u00e3o divulgados os Indicadores de Gest\u00e3o e Desempenho da UFRB, tamb\u00e9m denominados &#8220;Indicadores do TCU&#8221;. Os Indicadores do TCU da UFRB poder\u00e3o ser acessados por meio do link:&nbsp;https:\/\/www.ufrb.edu.br\/proplan\/indicadores &nbsp; Unidade Respons\u00e1vel pela atualiza\u00e7\u00e3o:&nbsp; Coordenadoria de Or\u00e7amento e Desenvolvimento Institucional \u2013 CODIN\/PROPLAN Contato com a Unidade Respons\u00e1vel:&nbsp;codin@proplan.ufrb.edu.brData da \u00faltima atualiza\u00e7\u00e3o:&nbsp;19\/01\/2023 Fonte da informa\u00e7\u00e3o:&nbsp;Gabinete da [&hellip;]<\/p>\n","protected":false},"author":1,"featured_media":0,"parent":0,"menu_order":3,"comment_status":"closed","ping_status":"closed","template":"","meta":{"_acf_changed":false,"footnotes":""},"class_list":["post-29659","page","type-page","status-publish","hentry"],"acf":[],"_links":{"self":[{"href":"https:\/\/ufrb.edu.br\/portal\/wp-json\/wp\/v2\/pages\/29659","targetHints":{"allow":["GET"]}}],"collection":[{"href":"https:\/\/ufrb.edu.br\/portal\/wp-json\/wp\/v2\/pages"}],"about":[{"href":"https:\/\/ufrb.edu.br\/portal\/wp-json\/wp\/v2\/types\/page"}],"author":[{"embeddable":true,"href":"https:\/\/ufrb.edu.br\/portal\/wp-json\/wp\/v2\/users\/1"}],"replies":[{"embeddable":true,"href":"https:\/\/ufrb.edu.br\/portal\/wp-json\/wp\/v2\/comments?post=29659"}],"version-history":[{"count":0,"href":"https:\/\/ufrb.edu.br\/portal\/wp-json\/wp\/v2\/pages\/29659\/revisions"}],"wp:attachment":[{"href":"https:\/\/ufrb.edu.br\/portal\/wp-json\/wp\/v2\/media?parent=29659"}],"curies":[{"name":"wp","href":"https:\/\/api.w.org\/{rel}","templated":true}]}}