{"id":29730,"date":"2021-01-26T16:29:59","date_gmt":"2021-01-26T16:29:59","guid":{"rendered":"https:\/\/ufrb.edu.br\/2021\/01\/26\/estude-na-ufrb\/"},"modified":"2021-01-26T16:29:59","modified_gmt":"2021-01-26T16:29:59","slug":"estude-na-ufrb","status":"publish","type":"page","link":"https:\/\/ufrb.edu.br\/portal\/estude-na-ufrb\/","title":{"rendered":"Estude na UFRB"},"content":{"rendered":"\n<p>A UFRB possui sete Centros de Ensino que ofertam cursos&nbsp;de gradua\u00e7\u00e3o e p\u00f3s-gradua\u00e7\u00e3o presenciais e a dist\u00e2ncia: <a href=\"http:\/\/www.ufrb.edu.br\/cahl\">Artes, Humanidades e Letras<\/a>;&nbsp;<a href=\"http:\/\/www.ufrb.edu.br\/cetens\/\">Ci\u00eancia e Tecnologia em Energia e Sustentabilidade<\/a>;&nbsp;<a href=\"http:\/\/www.ufrb.edu.br\/ccaab\">Ci\u00eancias Agr\u00e1rias, Ambientais e Biol\u00f3gicas<\/a>;&nbsp;<a href=\"http:\/\/www.ufrb.edu.br\/ccs\">Ci\u00eancias da Sa\u00fade<\/a>;&nbsp;<a href=\"http:\/\/www.ufrb.edu.br\/cetec\">Ci\u00eancias Exatas e Tecnol\u00f3gicas<\/a>;&nbsp;<a href=\"http:\/\/ufrb.edu.br\/cecult\">Cultura, Linguagens e Tecnologias Aplicadas<\/a>; e <a href=\"http:\/\/www.ufrb.edu.br\/cfp\">Forma\u00e7\u00e3o de Professores<\/a>.<\/p>\n\n\n\n<h2 class=\"wp-block-heading\">Para ingressar na Gradua\u00e7\u00e3o<\/h2>\n\n\n\n<p><\/p>\n\n\n\n<div class=\"containerbuttoninterno\"><a class=\"button button-interno\" href=\"\/portal\/formas-de-ingresso\">Formas de ingresso<\/a> <a class=\"button button-interno\" href=\"\/portal\/curso-de-graduacao\">Cursos de gradua\u00e7\u00e3o<\/a> <a class=\"button button-interno\" href=\"https:\/\/www.ufrb.edu.br\/portal\/prosel-interno\">Processos seletivos<\/a> <a class=\"button button-interno\" href=\"\/portal\/calouro\">Guia de Sobreviv\u00eancia do(a) Calouro(a)<\/a><\/div>\n\n\n\n<h2 class=\"wp-block-heading\">Para ingressar na P\u00f3s-Gradua\u00e7\u00e3o<\/h2>\n\n\n\n<p><\/p>\n\n\n\n<div class=\"containerbuttoninterno\"><a class=\"button button-interno\" href=\"\/portal\/mestrado-e-doutorado\">Cursos de Mestrado e Doutorado<\/a> <a class=\"button button-interno\" href=\"\/portal\/especializacao-e-residencia\">Cursos de Especializa\u00e7\u00e3o e Resid\u00eancia<\/a> <a class=\"button button-interno\" href=\"https:\/\/sistemas.ufrb.edu.br\/sigaa\/public\/servicos_digitais\/processo_seletivo\/lista.jsf?nivel=S&amp;aba=p-stricto\">Processos Seletivos de Mestrado e Doutorado<\/a> <a class=\"button button-interno\" href=\"https:\/\/sistemas.ufrb.edu.br\/sigaa\/public\/curso\/lista.jsf?nivel=L&amp;aba=p-lato\">Processos Seletivos de Especializa\u00e7\u00e3o e Resid\u00eancia<\/a><\/div>\n","protected":false},"excerpt":{"rendered":"<p>A UFRB possui sete Centros de Ensino que ofertam cursos&nbsp;de gradua\u00e7\u00e3o e p\u00f3s-gradua\u00e7\u00e3o presenciais e a dist\u00e2ncia: Artes, Humanidades e Letras;&nbsp;Ci\u00eancia e Tecnologia em Energia e Sustentabilidade;&nbsp;Ci\u00eancias Agr\u00e1rias, Ambientais e Biol\u00f3gicas;&nbsp;Ci\u00eancias da Sa\u00fade;&nbsp;Ci\u00eancias Exatas e Tecnol\u00f3gicas;&nbsp;Cultura, Linguagens e Tecnologias Aplicadas; e Forma\u00e7\u00e3o de Professores. Para ingressar na Gradua\u00e7\u00e3o Formas de ingresso Cursos de gradua\u00e7\u00e3o Processos [&hellip;]<\/p>\n","protected":false},"author":1,"featured_media":38063,"parent":0,"menu_order":25,"comment_status":"closed","ping_status":"closed","template":"","meta":{"_acf_changed":false,"footnotes":""},"class_list":["post-29730","page","type-page","status-publish","has-post-thumbnail","hentry"],"acf":[],"_links":{"self":[{"href":"https:\/\/ufrb.edu.br\/portal\/wp-json\/wp\/v2\/pages\/29730","targetHints":{"allow":["GET"]}}],"collection":[{"href":"https:\/\/ufrb.edu.br\/portal\/wp-json\/wp\/v2\/pages"}],"about":[{"href":"https:\/\/ufrb.edu.br\/portal\/wp-json\/wp\/v2\/types\/page"}],"author":[{"embeddable":true,"href":"https:\/\/ufrb.edu.br\/portal\/wp-json\/wp\/v2\/users\/1"}],"replies":[{"embeddable":true,"href":"https:\/\/ufrb.edu.br\/portal\/wp-json\/wp\/v2\/comments?post=29730"}],"version-history":[{"count":0,"href":"https:\/\/ufrb.edu.br\/portal\/wp-json\/wp\/v2\/pages\/29730\/revisions"}],"wp:featuredmedia":[{"embeddable":true,"href":"https:\/\/ufrb.edu.br\/portal\/wp-json\/wp\/v2\/media\/38063"}],"wp:attachment":[{"href":"https:\/\/ufrb.edu.br\/portal\/wp-json\/wp\/v2\/media?parent=29730"}],"curies":[{"name":"wp","href":"https:\/\/api.w.org\/{rel}","templated":true}]}}