{"id":44665,"date":"2025-11-24T14:00:24","date_gmt":"2025-11-24T17:00:24","guid":{"rendered":"https:\/\/ufrb.edu.br\/portal\/?page_id=44665"},"modified":"2026-02-25T09:50:25","modified_gmt":"2026-02-25T12:50:25","slug":"redes-sociais","status":"publish","type":"page","link":"https:\/\/ufrb.edu.br\/portal\/redes-sociais\/","title":{"rendered":"Redes Sociais"},"content":{"rendered":"\n<p>De car\u00e1ter informativo, colaborativo e experimental, as redes sociais da UFRB s\u00e3o espa\u00e7os de comunica\u00e7\u00e3o direta entre o p\u00fablico e a Institui\u00e7\u00e3o, al\u00e9m de canais de produ\u00e7\u00e3o, divulga\u00e7\u00e3o e compartilhamento de not\u00edcias sobre a Universidade. Conecte-se:<\/p>\n\n\n\n<h3 class=\"wp-block-heading\">UFRB<\/h3>\n\n\n\n<p>Instagram:\u00a0<a href=\"http:\/\/instagram.com\/ufrb_edu\">@ufrb_edu<\/a><br>Facebook:\u00a0<a href=\"https:\/\/www.facebook.com\/ufrb.edu\">ufrb.edu<\/a><br>YouTube:\u00a0<a href=\"http:\/\/www.youtube.com\/ufrb\">ufrb<\/a><br>TikTok:\u00a0<a href=\"https:\/\/www.tiktok.com\/@ufrb_edu\">@ufrb_edu<\/a><br>LinkedIn:\u00a0<a href=\"https:\/\/www.linkedin.com\/school\/ufrb\">ufrb<\/a><br>WhatsApp:\u00a0<a href=\"https:\/\/whatsapp.com\/channel\/0029VaGuBdkAInPdJbwy7u0n\">https:\/\/whatsapp.com\/channel\/0029VaGuBdkAInPdJbwy7u0n<\/a><\/p>\n\n\n\n<h3 class=\"wp-block-heading\">Pr\u00f3-Reitorias<\/h3>\n\n\n\n<p>Pr\u00f3-Reitoria de Gest\u00e3o de Pessoas \u2013 PROGEP<br>Instagram: <a href=\"https:\/\/www.instagram.com\/progep.ufrb\/\">@progep.ufrb<\/a><\/p>\n\n\n\n<p>Pr\u00f3-Reitoria de Gradua\u00e7\u00e3o \u2013 PROGRAD<br>Instagram: <a href=\"https:\/\/www.instagram.com\/prograd.ufrb\/\">@prograd.ufrb<\/a><\/p>\n\n\n\n<p>Pr\u00f3-Reitoria de Pesquisa, P\u00f3s-Gradua\u00e7\u00e3o, Cria\u00e7\u00e3o e Inova\u00e7\u00e3o \u2013 PPGCI<br>Instagram: <a href=\"https:\/\/www.instagram.com\/ppgci.ufrb\/\">@ppgci.ufrb<\/a><\/p>\n\n\n\n<p>Pr\u00f3-Reitoria de Extens\u00e3o e Cultura \u2013 PROEXC<br>Instagram: <a href=\"https:\/\/www.instagram.com\/proexc_ufrb\/\">@proexc_ufrb<\/a><\/p>\n\n\n\n<p>Pr\u00f3-Reitoria de Pol\u00edticas Afirmativas e Assuntos Estudantis \u2013 PROPAAE<br>Instagram: <a href=\"https:\/\/www.instagram.com\/propaae.ufrb\/\">@propaae.ufrb<\/a><\/p>\n\n\n\n<h3 class=\"wp-block-heading\">Superintend\u00eancias<\/h3>\n\n\n\n<p>Superintend\u00eancia da Editora UFRB \u2013 EDUFRB<br>Instagram: <a href=\"https:\/\/www.instagram.com\/editoraufrb\/\">@editoraufrb<\/a><\/p>\n\n\n\n<p>Superintend\u00eancia de Assuntos Internacionais \u2013 SUPAI<br>Instagram: <a href=\"https:\/\/www.instagram.com\/supai.ufrb\/\">@supai.ufrb<\/a><\/p>\n\n\n\n<p>Superintend\u00eancia de Educa\u00e7\u00e3o Aberta e a Dist\u00e2ncia \u2013 SEAD<br>Instagram: <a href=\"https:\/\/www.instagram.com\/ufrb_sead\/\">@sead_ufrb<\/a><\/p>\n\n\n\n<h3 class=\"wp-block-heading\">Centros de Ensino<\/h3>\n\n\n\n<p>Centro de Artes, Humanidades e Letras \u2013 CAHL<br>Instagram: <a href=\"https:\/\/www.instagram.com\/cahl.ufrb\/\">@cahl.ufrb<\/a><\/p>\n\n\n\n<p>Centro de Ci\u00eancia e Tecnologia em Energia e Sustentabilidade \u2013 CETENS<br>Instagram: <a href=\"https:\/\/www.instagram.com\/cetens.ufrb\/\">@cetens.ufrb<\/a><\/p>\n\n\n\n<p>Centro de Ci\u00eancias Agr\u00e1rias, Ambientais e Biol\u00f3gicas \u2013 CCAAB<br>Instagram: <a href=\"https:\/\/www.instagram.com\/ccaab.ufrb\/\">@ccaab.ufrb<\/a><\/p>\n\n\n\n<p>Centro de Ci\u00eancias da Sa\u00fade \u2013 CCS<br>Instagram: <a href=\"https:\/\/www.instagram.com\/ccsufrb\/\">@ccsufrb<\/a><\/p>\n\n\n\n<p>Centro de Ci\u00eancias Exatas e Tecnol\u00f3gicas \u2013 CETEC<br>Instagram: <a href=\"https:\/\/www.instagram.com\/cetec_ufrb\/\">@cetec_ufrb<\/a><\/p>\n\n\n\n<p>Centro de Cultura, Linguagens e Tecnologias Aplicadas \u2013 CECULT<br>Instagram: <a href=\"https:\/\/www.instagram.com\/cecult_ufrb\/\">@cecult_ufrb<\/a><\/p>\n\n\n\n<p>Centro de Forma\u00e7\u00e3o de Professores \u2013 CFP<br>Instagram: <a href=\"https:\/\/www.instagram.com\/cfp_ufrb\/\">@cfp_ufrb<\/a><\/p>\n","protected":false},"excerpt":{"rendered":"<p>De car\u00e1ter informativo, colaborativo e experimental, as redes sociais da UFRB s\u00e3o espa\u00e7os de comunica\u00e7\u00e3o direta entre o p\u00fablico e a Institui\u00e7\u00e3o, al\u00e9m de canais de produ\u00e7\u00e3o, divulga\u00e7\u00e3o e compartilhamento de not\u00edcias sobre a Universidade. Conecte-se: UFRB Instagram:\u00a0@ufrb_eduFacebook:\u00a0ufrb.eduYouTube:\u00a0ufrbTikTok:\u00a0@ufrb_eduLinkedIn:\u00a0ufrbWhatsApp:\u00a0https:\/\/whatsapp.com\/channel\/0029VaGuBdkAInPdJbwy7u0n Pr\u00f3-Reitorias Pr\u00f3-Reitoria de Gest\u00e3o de Pessoas \u2013 PROGEPInstagram: @progep.ufrb Pr\u00f3-Reitoria de Gradua\u00e7\u00e3o \u2013 PROGRADInstagram: @prograd.ufrb Pr\u00f3-Reitoria de [&hellip;]<\/p>\n","protected":false},"author":1,"featured_media":0,"parent":0,"menu_order":0,"comment_status":"closed","ping_status":"closed","template":"","meta":{"_acf_changed":false,"footnotes":""},"class_list":["post-44665","page","type-page","status-publish","hentry"],"acf":[],"_links":{"self":[{"href":"https:\/\/ufrb.edu.br\/portal\/wp-json\/wp\/v2\/pages\/44665","targetHints":{"allow":["GET"]}}],"collection":[{"href":"https:\/\/ufrb.edu.br\/portal\/wp-json\/wp\/v2\/pages"}],"about":[{"href":"https:\/\/ufrb.edu.br\/portal\/wp-json\/wp\/v2\/types\/page"}],"author":[{"embeddable":true,"href":"https:\/\/ufrb.edu.br\/portal\/wp-json\/wp\/v2\/users\/1"}],"replies":[{"embeddable":true,"href":"https:\/\/ufrb.edu.br\/portal\/wp-json\/wp\/v2\/comments?post=44665"}],"version-history":[{"count":6,"href":"https:\/\/ufrb.edu.br\/portal\/wp-json\/wp\/v2\/pages\/44665\/revisions"}],"predecessor-version":[{"id":45426,"href":"https:\/\/ufrb.edu.br\/portal\/wp-json\/wp\/v2\/pages\/44665\/revisions\/45426"}],"wp:attachment":[{"href":"https:\/\/ufrb.edu.br\/portal\/wp-json\/wp\/v2\/media?parent=44665"}],"curies":[{"name":"wp","href":"https:\/\/api.w.org\/{rel}","templated":true}]}}