{"id":44813,"date":"2025-11-25T10:44:14","date_gmt":"2025-11-25T13:44:14","guid":{"rendered":"https:\/\/ufrb.edu.br\/portal\/?page_id=44813"},"modified":"2026-02-09T10:44:37","modified_gmt":"2026-02-09T13:44:37","slug":"informacoes-para-servidores","status":"publish","type":"page","link":"https:\/\/ufrb.edu.br\/portal\/informacoes-para-servidores\/","title":{"rendered":"Informa\u00e7\u00f5es para Servidores(as)"},"content":{"rendered":"\n<p>A constru\u00e7\u00e3o de uma universidade p\u00fablica de refer\u00eancia exige compromisso e qualidade em todas as dimens\u00f5es da vida institucional, sustentada pela uni\u00e3o da comunidade acad\u00eamica. Na Universidade Federal do Rec\u00f4ncavo da Bahia, docentes e t\u00e9cnicos(as)-administrativos(as) (TAEs) atuam com dedica\u00e7\u00e3o na produ\u00e7\u00e3o e socializa\u00e7\u00e3o do conhecimento por meio do ensino, da pesquisa e da extens\u00e3o, fortalecendo a educa\u00e7\u00e3o, a cultura, a inova\u00e7\u00e3o e o desenvolvimento regional.<\/p>\n\n\n\n<div class=\"wp-block-columns is-layout-flex wp-container-core-columns-is-layout-9d6595d7 wp-block-columns-is-layout-flex\">\n<div class=\"wp-block-column caixa is-layout-flow wp-block-column-is-layout-flow\">\n<h3 class=\"wp-block-heading\">Boletim de Gest\u00e3o de Pessoas<\/h3>\n\n\n\n<p>Confira os atos normativos e administrativos.&nbsp;<\/p>\n\n\n\n<p class=\"align-right\"><a href=\"https:\/\/boletim.sigepe.gov.br\/publicacao\/pesquisa\" data-type=\"page\" data-id=\"25930\" target=\"_blank\" rel=\"noreferrer noopener\">Acesse aqui <\/a> <i class=\"fa-solid fa-angle-right\"><\/i><\/p>\n<\/div>\n\n\n\n<div class=\"wp-block-column caixa is-layout-flow wp-block-column-is-layout-flow\">\n<h3 class=\"wp-block-heading\">PROGEP<\/h3>\n\n\n\n<p>Conhe\u00e7a a Pr\u00f3-Reitoria de Gest\u00e3o de Pessoas.<\/p>\n\n\n\n<p class=\"align-right\"><a href=\"https:\/\/ufrb.edu.br\/progep\/\" data-type=\"page\" data-id=\"25930\" target=\"_blank\" rel=\"noreferrer noopener\">Acesse aqui <\/a> <i class=\"fa-solid fa-angle-right\"><\/i><\/p>\n<\/div>\n<\/div>\n\n\n\n<h3 class=\"wp-block-heading\">Links \u00fateis<\/h3>\n\n\n\n<div class=\"lista\">\n<a href=\"https:\/\/ufrb.edu.br\/progep\/aposentadoria-pensao\" class=\"lista-item externo\">Aposentadoria e pens\u00e3o<\/a>\n<a href=\"https:\/\/www.ufrb.edu.br\/progep\/component\/chronoforms5\/?chronoform=ver-servico&#038;id=38&#038;Itemid=893\" class=\"lista-item externo\">Avalia\u00e7\u00e3o de desempenho<\/a>\n<a href=\"https:\/\/ufrb.edu.br\/progep\/dbqvt\" class=\"lista-item externo\">Bem-Estar e Qualidade de Vida<\/a>\n<a href=\"https:\/\/ufrb.edu.br\/progep\/capacitacao-progep\" class=\"lista-item externo\">Capacita\u00e7\u00e3o<\/a>\n<a href=\"https:\/\/ufrb.edu.br\/progep\/clube\" class=\"lista-item externo\">Clube de Descontos<\/a>\n<a href=\"https:\/\/ufrb.edu.br\/progep\/cronograma\" class=\"lista-item externo\">Cronograma da Folha<\/a>\n<a href=\"https:\/\/ufrb.edu.br\/progep\/images\/Folder_Rec%C3%A9m-Ingressos_vers%C3%A3o_digital_2.pdf\" class=\"lista-item externo\">Direitos e deveres<\/a>\n<a href=\"https:\/\/portarias.ufrb.edu.br\/\" class=\"lista-item externo\">Portarias da PROGEP<\/a>\n<a href=\"https:\/\/ufrb.edu.br\/portal\/servidores\" class=\"lista-item externo\">Rela\u00e7\u00e3o dos servidores p\u00fablicos na UFRB<\/a>\n<a href=\"https:\/\/ufrb.edu.br\/progep\/saude-e-seguranca-do-trabalho\" class=\"lista-item externo\">Sa\u00fade e Seguran\u00e7a do Trabalho<\/a>\n<a href=\"http:\/\/www.ufrb.edu.br\/progep\/selecao-e-ingressos\" class=\"lista-item externo\">Sele\u00e7\u00f5es e Concursos<\/a>\n<a href=\"https:\/\/ufrb.edu.br\/progep\/lista-de-servicos\" class=\"lista-item externo\">Servi\u00e7os da PROGEP<\/a>\n<a href=\"https:\/\/sistemas.ufrb.edu.br\/sigaa\/public\/home.jsf\" class=\"lista-item externo\">SIGAA<\/a>\n<a href=\"https:\/\/sistemas.ufrb.edu.br\/sigrh\/public\/home.jsf\" class=\"lista-item externo\">SIGRH<\/a>\n<a href=\"https:\/\/sistemas.ufrb.edu.br\/sigaa\/public\/home.jsf\" class=\"lista-item externo\">SIPAC<\/a>\n<a href=\"https:\/\/www.gov.br\/servidor\/pt-br\/assuntos\/sou-gov\" class=\"lista-item externo\">SOUGOV.BR<\/a>\n<a href=\"https:\/\/helpdesk.ufrb.edu.br\/\" class=\"lista-item externo\">Suporte de TI<\/a>\n<a href=\"http:\/\/ufrb.edu.br\/progep\/images\/documentos\/Tabelas_de_Remunera%C3%A7%C3%A3o_PROGEP_2025.pdf\" class=\"lista-item externo\">Tabelas de Remunera\u00e7\u00e3o<\/a>\n<\/div>\n","protected":false},"excerpt":{"rendered":"<p>A constru\u00e7\u00e3o de uma universidade p\u00fablica de refer\u00eancia exige compromisso e qualidade em todas as dimens\u00f5es da vida institucional, sustentada pela uni\u00e3o da comunidade acad\u00eamica. Na Universidade Federal do Rec\u00f4ncavo da Bahia, docentes e t\u00e9cnicos(as)-administrativos(as) (TAEs) atuam com dedica\u00e7\u00e3o na produ\u00e7\u00e3o e socializa\u00e7\u00e3o do conhecimento por meio do ensino, da pesquisa e da extens\u00e3o, fortalecendo [&hellip;]<\/p>\n","protected":false},"author":1,"featured_media":0,"parent":0,"menu_order":0,"comment_status":"closed","ping_status":"closed","template":"","meta":{"_acf_changed":false,"footnotes":""},"class_list":["post-44813","page","type-page","status-publish","hentry"],"acf":[],"_links":{"self":[{"href":"https:\/\/ufrb.edu.br\/portal\/wp-json\/wp\/v2\/pages\/44813","targetHints":{"allow":["GET"]}}],"collection":[{"href":"https:\/\/ufrb.edu.br\/portal\/wp-json\/wp\/v2\/pages"}],"about":[{"href":"https:\/\/ufrb.edu.br\/portal\/wp-json\/wp\/v2\/types\/page"}],"author":[{"embeddable":true,"href":"https:\/\/ufrb.edu.br\/portal\/wp-json\/wp\/v2\/users\/1"}],"replies":[{"embeddable":true,"href":"https:\/\/ufrb.edu.br\/portal\/wp-json\/wp\/v2\/comments?post=44813"}],"version-history":[{"count":21,"href":"https:\/\/ufrb.edu.br\/portal\/wp-json\/wp\/v2\/pages\/44813\/revisions"}],"predecessor-version":[{"id":45293,"href":"https:\/\/ufrb.edu.br\/portal\/wp-json\/wp\/v2\/pages\/44813\/revisions\/45293"}],"wp:attachment":[{"href":"https:\/\/ufrb.edu.br\/portal\/wp-json\/wp\/v2\/media?parent=44813"}],"curies":[{"name":"wp","href":"https:\/\/api.w.org\/{rel}","templated":true}]}}